84?
2, 267277249
What are the prime factors of 3423699168?
2, 3, 29, 313, 3929
List the prime factors of 55826732.
2, 13, 71, 15121
List the prime factors of 61126926.
2, 3, 7, 1455403
List the prime factors of 3150254727.
3, 116676101
List the prime factors of 25474575.
3, 5, 7, 48523
List the prime factors of 155032264.
2, 619, 31307
What are the prime factors of 3824917933?
137, 27919109
List the prime factors of 474697692.
2, 3, 7, 271, 331
What are the prime factors of 449581541?
17, 26445973
What are the prime factors of 10400400?
2, 3, 5, 107
What are the prime factors of 1595838519?
3, 11, 19, 848399
List the prime factors of 1382629016.
2, 31, 5575117
What are the prime factors of 44361305?
5, 8872261
List the prime factors of 1198201962.
2, 3, 139, 1436693
List the prime factors of 5536714840.
2, 5, 149, 928979
What are the prime factors of 121482289?
17, 733, 9749
List the prime factors of 1051162140.
2, 3, 5, 7, 2502767
List the prime factors of 3039096065.
5, 607819213
What are the prime factors of 2406966646?
2, 7, 173, 993793
What are the prime factors of 83689354?
2, 7, 103, 8291
List the prime factors of 1081643578.
2, 59, 67, 136813
List the prime factors of 78831913.
78831913
What are the prime factors of 734494409?
11, 66772219
What are the prime factors of 23617779?
3, 19, 414347
What are the prime factors of 888111946?
2, 19, 23371367
What are the prime factors of 3296684219?
877, 3759047
List the prime factors of 8743617.
3, 971513
List the prime factors of 709719421.
709719421
What are the prime factors of 47323200?
2, 3, 5, 9859
List the prime factors of 179716403.
179716403
What are the prime factors of 303910460?
2, 5, 7, 47, 46187
List the prime factors of 3625148049.
3, 173, 2017, 3463
What are the prime factors of 672224008?
2, 877, 95813
List the prime factors of 66803469.
3, 547, 40709
List the prime factors of 65939944.
2, 7, 1177499
List the prime factors of 106835589.
3, 7, 577, 2939
What are the prime factors of 445471421?
751, 593171
What are the prime factors of 122176154?
2, 61088077
List the prime factors of 7648252533.
3, 19, 44726623
What are the prime factors of 16504546?
2, 173, 47701
What are the prime factors of 352073964?
2, 3, 11, 2667227
List the prime factors of 1005128736.
2, 3, 10470091
List the prime factors of 167922332.
2, 41980583
What are the prime factors of 108918229?
7, 29, 76649
What are the prime factors of 467862607?
491, 952877
What are the prime factors of 2478319620?
2, 3, 5, 7, 41, 43, 3347
What are the prime factors of 29050589?
29050589
List the prime factors of 2705729612.
2, 676432403
What are the prime factors of 34962507?
3, 23, 168901
List the prime factors of 708151602.
2, 3, 101, 701, 1667
List the prime factors of 387444760.
2, 5, 37, 261787
List the prime factors of 213700569.
3, 41, 1737403
What are the prime factors of 305811424?
2, 9556607
List the prime factors of 41345865.
3, 5, 11, 101, 827
What are the prime factors of 41749168?
2, 223, 11701
What are the prime factors of 5931339786?
2, 3, 329518877
List the prime factors of 50389112.
2, 6298639
What are the prime factors of 962562191?
421, 457, 5003
What are the prime factors of 225427307?
7, 41, 785461
What are the prime factors of 43027314?
2, 3, 11, 109, 5981
List the prime factors of 272379581.
4751, 57331
What are the prime factors of 248998318?
2, 124499159
What are the prime factors of 246014469?
3, 2003, 4549
List the prime factors of 26697539.
11, 43, 56443
What are the prime factors of 38727083?
41, 944563
What are the prime factors of 304806059?
43, 1949, 3637
List the prime factors of 1133881984.
2, 8858453
List the prime factors of 1025385210.
2, 3, 5, 3797723
List the prime factors of 34328421.
3, 19, 61, 1097
What are the prime factors of 1084804542?
2, 3, 2293, 8761
What are the prime factors of 63633330?
2, 3, 5, 235679
List the prime factors of 2148884884.
2, 537221221
What are the prime factors of 93959135?
5, 139, 135193
List the prime factors of 213306658.
2, 29, 3677701
What are the prime factors of 39272037?
3, 7, 1870097
List the prime factors of 493747190.
2, 5, 167, 173, 1709
List the prime factors of 51671626.
2, 4153, 6221
List the prime factors of 38596311.
3, 13, 109961
What are the prime factors of 1112558199?
3, 61, 6079553
List the prime factors of 1164192436.
2, 11, 17, 613, 2539
What are the prime factors of 3918820242?
2, 3, 4831, 135197
What are the prime factors of 110331394?
2, 17, 3245041
What are the prime factors of 2532044094?
2, 3, 827, 510287
What are the prime factors of 87950347?
87950347
List the prime factors of 4449792080.
2, 5, 31, 1794271
List the prime factors of 144951573.
3, 13, 3716707
List the prime factors of 22638704.
2, 11, 128629
List the prime factors of 2924508.
2, 3, 243709
List the prime factors of 407277510.
2, 3, 5, 43, 239, 1321
List the prime factors of 693016850.
2, 5, 41, 311, 1087
List the prime factors of 31006391.
13, 2385107
What are the prime factors of 14378316?
2, 3, 29, 79, 523
List the prime factors of 732060700.
2, 5, 7, 1045801
What are the prime factors of 59067500?
2, 5, 23627
List the prime factors of 1074585883.
7, 9929, 15461
What are the prime factors of 36785738?
2, 11, 1672079
What are the prime factors of 1830829505?
5, 9931, 36871
What are the prime factors of 671906035?
5, 101, 179, 7433
List the prime factors of 127224467.
61, 103, 20249
What are the prime factors of 1601427067?
29, 55221623
What are the prime factors of 79648659?
3, 8849851
List the prime factors of 1414188076.
2, 7, 47, 883, 1217
What are the prime factors of 8289433606?
2, 71, 6389, 9137
List the prime factors of 4315001362.
2, 7, 308214383
What are the prime factors of 7018909884?
2, 3, 7, 17, 41, 89, 449
What are the prime factors of 1930008365?
5, 67, 5761219
What are the prime factors of 987229533?
3, 329076511
What are the prime factors of 331813100?
2, 5, 1129, 2939
What are the prime factors of 1096383124?
2, 149, 157, 11717
List the prime factors of 94361649.
3, 31453883
List the prime factors of 151842653.
151842653
What are the prime factors of 40378956?
2, 3, 3364913
List the prime factors of 2149137665.
5, 61, 397, 17749
What are the prime factors of 1835110475?
5, 11, 17, 173, 2269
What are the prime factors of 251340581?
251340581
List the prime factors of 389860850.
2, 5, 1049, 7433
List the prime factors of 598603683.
3, 19, 10501819
List the prime factors of 1536512524.
2, 384128131
What are the prime factors of 4029797193?
3, 1583, 848557
What are the prime factors of 316147333?
47, 6726539
What are the prime factors of 3138704?
2, 196169
List the prime factors of 767466109.
767466109
List the prime factors of 796464652.
2, 71, 191, 14683
List the prime factors of 2582138680.
2, 5, 11, 293, 20029
What are the prime factors of 22796360?
2, 5, 53, 10753
What are the prime factors of 27421956?
2, 3, 253907
What are the prime factors of 5306429503?
14957, 354779
List the prime factors of 2676250205.
5, 535250041
What are the prime factors of 1658260548?
2, 3, 7, 139, 6763
What are the prime factors of 989008086?
2, 3, 11, 557, 26903
What are the prime factors of 627572227?
23, 107, 255007
List the prime factors of 479984077.
359, 1337003
List the prime factors of 275085094.
2, 137542547
List the prime factors of 512130142.
2, 19, 47, 6101
List the prime factors of 42475743.
3, 349, 13523
List the prime factors of 204999821.
13, 17, 263, 3527
List the prime factors of 2765024682.
2, 3, 7, 101, 651821
List the prime factors of 1053849835.
5, 210769967
List the prime factors of 12561167.
37, 339491
What are the prime factors of 207738331?
103, 2016877
List the prime factors of 210936528.
2, 3, 11, 44389
What are the prime factors of 359357169?
3, 17, 41, 89, 1931
What are the prime factors of 2813313608?
2, 7, 50237743
What are the prime factors of 215780504?
2, 26972563
What are the prime factors of 673065512?
2, 7, 41, 293147
What are the prime factors of 627038336?
2, 17, 53, 5437
List the prime factors of 5237245847.
1321, 3964607
List the prime factors of 6780467.
17, 67, 5953
What are the prime factors of 355704912?
2, 3, 31, 26561
What are the prime factors of 144644489?
11, 29, 41221
What are the prime factors of 118945375?